q(4)?
-50
Let h(b) = -8*b + 5. Give h(-9).
77
Let k(x) = -2*x**2 + 6*x - 1. Give k(0).
-1
Let h(f) = f**2 + 5*f + 20. Calculate h(-5).
20
Let s(b) = -10*b - 2. What is s(5)?
-52
Let t(a) = -a + 3. Calculate t(-4).
7
Let t(y) = 2*y**2 + 7*y - 5. Give t(-6).
25
Let s(g) = -4*g - 6. Give s(0).
-6
Let y(g) = 3*g**2 - 3*g - 4. What is y(-1)?
2
Let s(j) = -6*j + 3. Calculate s(-8).
51
Let c(a) = -a**3 + 12*a**2 - 12*a + 3. Calculate c(11).
-8
Let k(m) = -2*m + 14. Calculate k(-10).
34
Let j(o) = -o**3 - 22*o**2 - 2*o - 45. Give j(-22).
-1
Let g(x) = 30*x - 3. Determine g(2).
57
Let i(z) = -z**2 - 14*z - 13. Give i(-12).
11
Let n(j) = -j**3 - 5*j**2 + 3*j + 4. What is n(-5)?
-11
Let c(s) = -s**3 + 6*s**2 + 9*s - 5. Determine c(7).
9
Let p(j) = -268*j + 2416. Calculate p(9).
4
Let t(d) = -5*d + 17. Give t(-6).
47
Let i(a) = -40*a - 195. Calculate i(-5).
5
Let p(n) = -28*n + 17. Give p(-3).
101
Let f(r) = -r**3 - 2*r**2 + 6*r + 6. Determine f(-5).
51
Let w(n) = n + 36. Determine w(-18).
18
Let h(f) = -4*f + 10. Calculate h(3).
-2
Let k(j) = -j**3 - 26*j**2 + 24*j - 33. Give k(-27).
48
Let r(p) = 6*p**2 + 7*p + 5. Calculate r(-4).
73
Let d(j) = -j**3 - 27*j**2 + 26*j - 44. Calculate d(-28).
12
Let g(l) = l**2 + 17*l + 54. Calculate g(-6).
-12
Let p(u) = -u**3 + 5*u**2 - u - 10. What is p(4)?
2
Let u(v) = -2*v + 23. Give u(16).
-9
Let y(k) = k - 10. Calculate y(6).
-4
Let r(c) = c**3 - 7*c**2 - 4*c + 31. What is r(7)?
3
Let q(w) = 4*w**3 + 2*w**2 + w. Give q(-1).
-3
Let j(n) = n**2 + 8*n - 20. Determine j(-10).
0
Let j(t) = -3*t + 6. Determine j(-6).
24
Let s(o) = 2*o + 3. Determine s(-3).
-3
Let f(o) = -o**2 + 5*o - 11. Calculate f(7).
-25
Let x(s) = s**2 - 10*s + 33. What is x(5)?
8
Let f(l) = l**3 - 11*l**2 - 4. Determine f(11).
-4
Let o(u) = u**2 + 8*u - 23. Give o(-11).
10
Let i(a) = a**2 + 9*a. What is i(-7)?
-14
Let o(j) = -13*j - 37. Determine o(-14).
145
Let x(i) = -2*i**3 - 51*i**2 - 116*i - 13. Give x(-23).
10
Let b(t) = -t**2 + 2*t + 7. Determine b(-2).
-1
Let n(v) = -11*v + 2. Determine n(3).
-31
Let i(p) = 4*p + 35. Determine i(-12).
-13
Let m(f) = f + 2. Calculate m(-3).
-1
Let l(n) = -n**3 + 7*n**2 + n + 1. Give l(3).
40
Let j(c) = -7*c + 7. Calculate j(2).
-7
Let l(y) = -8*y + 10. What is l(2)?
-6
Let y(u) = -2*u**3 + 3*u**2 + 5*u - 4. What is y(3)?
-16
Let s(z) = -z**2 + 5*z. Calculate s(-1).
-6
Let j(g) = -g**2 + 3*g + 2. What is j(-2)?
-8
Let c(i) = i + 11. Determine c(-8).
3
Let j(r) = r - 49. Calculate j(29).
-20
Let l(b) = -b**2 - 13*b + 16. Calculate l(-7).
58
Let z(p) = -2*p**2 + 23*p - 25. Determine z(11).
-14
Let n(f) = -f - 5. Determine n(-4).
-1
Let y(h) = -h**3 + 8*h**2 - 17*h + 20. Give y(5).
10
Let h(c) = -95*c**2 + c. Calculate h(-1).
-96
Let g(i) = -i**2 + 11*i + 6. Determine g(8).
30
Let u(o) = o**3 - 4*o**2 + 4*o - 2. Determine u(3).
1
Let s(w) = w**3 + 9*w**2 + 47*w + 234. What is s(-7)?
3
Let d(c) = -2*c**2 + 2*c + 50. Give d(5).
10
Let j(c) = -14*c - 3. What is j(1)?
-17
Let m(y) = 4*y + 76. Give m(-18).
4
Let c(z) = -z**2 + 10*z + 12. Determine c(11).
1
Let j(q) = 2*q - 1. Calculate j(4).
7
Let h(c) = c**3 + 7*c**2 + 5*c - 6. Calculate h(-5).
19
Let a(d) = -d**2 + 6*d - 8. Calculate a(2).
0
Let n(t) = -9*t + 206. Determine n(22).
8
Let i(x) = -x**3 + 9*x. Determine i(3).
0
Let c(a) = -a**2 - 10*a + 2. Give c(-6).
26
Let u(d) = d**3 - d**2 - 9*d - 14. Give u(4).
-2
Let k(l) = -l**3 + 9*l**2 + 13*l - 5. What is k(10)?
25
Let t(z) = -2*z - 22. Determine t(-7).
-8
Let p(w) = 3*w**3 - 7*w**2 + 4*w + 2. Determine p(4).
98
Let f(z) = -z - 7. Determine f(-6).
-1
Let z(a) = -5*a - 11. What is z(-5)?
14
Let p(d) = -30*d + 48. What is p(2)?
-12
Let k(r) = -4*r**2 + 31*r - 17. Calculate k(7).
4
Let h(c) = -c**2 - 15*c - 23. Determine h(-15).
-23
Let x(i) = i**3 + 3*i**2 - 5. Give x(-4).
-21
Let s(g) = 2*g - 5. What is s(-11)?
-27
Let c(x) = -2*x**2 - 5*x. Determine c(-4).
-12
Let j(t) = -20*t - 2. What is j(-6)?
118
Let z(j) = -j**2 - 9*j - 4. Give z(-7).
10
Let x(t) = t**3 - t**2 - 4*t. Calculate x(3).
6
Let h(i) = -2*i**2 - 18*i + 4. Determine h(-9).
4
Let h(s) = -s**3 - s**2 + 2*s + 1. Determine h(3).
-29
Let s(j) = j**2 - 5*j - 46. Determine s(-5).
4
Let h(j) = -j**2 - 7*j - 7. Calculate h(-7).
-7
Let g(u) = -4*u - 30. Give g(0).
-30
Let q(m) = -31*m**3 + m**2 - 3*m + 2. Determine q(1).
-31
Let i(h) = -h**2 - h. What is i(0)?
0
Let q(f) = -f**2 + 7*f - 5. What is q(1)?
1
Let s(w) = -w**3 + 4*w**2 + 5*w - 6. Calculate s(5).
-6
Let k(a) = a**2 - 44*a - 95. Determine k(46).
-3
Let p(l) = -l**2 - 18*l - 41. What is p(-14)?
15
Let h(y) = y**3 - 4*y**2 + 2*y - 32. Determine h(5).
3
Let p(k) = k**3 - 6*k**2 - 6*k + 1. Determine p(7).
8
Let u(r) = 30*r + 1. Give u(-2).
-59
Let v(a) = a**3 - 42*a**2 + 43*a - 42. What is v(41)?
40
Let c(k) = k + 6. Calculate c(-14).
-8
Let t(p) = -p**2 + 2*p - 125. Determine t(0).
-125
Let t(g) = 6*g**2 + 23*g - 8. What is t(-7)?
125
Let a(b) = -b**3 - 4*b**2 + 3*b - 5. What is a(-4)?
-17
Let c(b) = -5*b**2 - b - 10. Calculate c(0).
-10
Let f(k) = -64*k - 4. Determine f(1).
-68
Let w(q) = q**3 - 15*q**2 + 12*q + 47. Calculate w(14).
19
Let x(n) = 159*n + 19. Give x(1).
178
Let h(f) = -37*f + 27. Determine h(5).
-158
Let j(q) = q**3 - 9*q**2 + 13*q + 2. Determine j(7).
-5
Let q(g) = 2*g**2 + 31*g - 22. What is q(-16)?
-6
Let l(k) = k - 9. Calculate l(-5).
-14
Let z(r) = -9*r + 3. What is z(-3)?
30
Let o(a) = a**2 - 5*a + 3. What is o(5)?
3
Let g(b) = 3*b**2 + 5*b + 6. What is g(-3)?
18
Let s(a) = a**2 - 25*a - 17. Give s(26).
9
Let r(d) = 3*d + 9. Determine r(-8).
-15
Let w(y) = -49*y + 287. What is w(6)?
-7
Let w(g) = 2*g**3 + 51*g**2 + 25*g - 5. Determine w(-25).
-5
Let j(z) = 3*z**2 + 75*z + 53. Determine j(-25).
53
Let s(x) = 2*x**2 + 22*x + 15. Give s(-10).
-5
Let n(b) = -3*b**2 - b - 15. Calculate n(-3).
-39
Let a(i) = i**3 - 11*i**2 + 2*i + 1. Give a(11).
23
Let h(n) = n**3 - 7*n**2 - 21*n + 36. Determine h(9).
9
Let i(n) = -7*n**3 - 2*n**2 - 27*n + 28. Determine i(1).
-8
Let s(i) = i**2 - 23*i + 39. What is s(26)?
117
Let v(i) = i**3 + 17*i**2 + 20*i + 31. Give v(-16).
-33
Let o(q) = -51*q**2 + 2*q - 2. Give o(1).
-51
Let s(d) = -d**2 - 23*d - 52. Calculate s(-20).
8
Let m(d) = -d**2 + 6*d - 8. Give m(2).
0
Let c(a) = 8*a - 3. Give c(-3).
-27
Let i(s) = -s**2 - s + 5. Calculate i(-4).
-7
Let v(z) = -3*z**2 + 21*z - 7. Determine v(7).
-7
Let i(t) = t**2 + 15*t - 15. What is i(-15)?
-15
Let j(s) = s**3 + s - 10. Give j(0).
-10
Let t(x) = -11*x - 22. What is t(-5)?
33
Let o(s) = 6*s**2 - 5*s + 4. Calculate o(1).
5
Let g(l) = l + 2. Calculate g(2).
4
Let r(q) = -q + 8. What is r(4)?
4
Let m(y) = -10*y + 94. Calculate m(10).
-6
Let x(p) = -p**2 - 11*p - 13. Determine x(-10).
-3
Let k(g) = -3*g + 7. What is k(-3)?
16
Let w(p) = p**2 + p + 10. Determine w(-7).
52
Let a(f) = -f**2 + 12. Determine a(-6).
-24
Let c(z) = -2*z**3 + 33*z**2 - 17*z + 17. Calculate c(16).
1
Let f(c) = c**2 + 21*c + 104. Give f(-13).
0
Let a(n) = -3*n - 1. What is a(1)?
-4
Let g(s) = s - 22. Give g(13).
-9
Let j(k) = -k**3 - 2*k**2 + 26*k - 5. Give j(4).
3
Let x(w) = -2*w**2 + 45*w + 121. What is x(25)?
-4
Let h(k) = -k**3 + 8*k**2 + 6*k + 16. Give h(9).
-11
Let i(v) = v**2 - v - 4. Determine i(4).
8
Let o(w) = 3*w**2 + 6*w - 3. Determine o(2).
21
Let b(x) = x**2 + 10*x + 11. Calculate b(-11).
22
Let r(p) = -2*p**2 - p - 2. What is r(2)?
-12
Let x(i) = -i**3 - i. Determine x(2).
-10
Let d(u) = -u**3 + 10*u**2 - 17*u + 18. Determine d(8).
10
Let c(j) = -2*j**3 - 47*j**2 + 24*j + 7. Give c(-24).
7
Let g(q) = -33*q + 298. Give g(9).
1
Let w(u) = 10*u + 6. Give w(-1).
-4
Let w(n) = 13*n - 133. What is w(11)?
10
Let s(z) = -z**3 - 8*z**2 - 12*z - 1. Determine s(-5).
-16
Let g(s) = -s**3 + 4*s**2 + 8. What is g(4)?
8
Let m(h) = -h**2 + 55*h - 517. Calculate m(43).
-1
Let z(v) = 3*v + 6. Give z(-5).
-9
Let u(q) = q + 7. Calculate u(-4).
3
Let h(s) = -24*s + 124. Determine h(5).
4
Let w(h) = 3*h + 41. What is w(-14)?
-1
Let u(b) = b**2 - 14*b + 11. Calculate u(10).
-29
Let g(j) = j**2 + j - 17. Determine g(-7).
25
Let t(d) = d**3 - 8*d**2 - 4*d - 4. Determine t(5).
-99
Let q(y) = -2*y**2 + 7*y - 14. Give q(4).
-18
Let k(o) = 29*o + 9. What is k(-1)?
-20
Let g(n) = -n**2 - 30*n - 169. Determine g(-22).
7
Let b(v) = -7*v**2 - 3*v